s 1079053 a prime number?
True
Is 2069183 a prime number?
True
Is 7684651 a composite number?
True
Is 236662949 composite?
False
Is 8175709 prime?
False
Is 3249145 a composite number?
True
Is 105735622 composite?
True
Is 7845623 a composite number?
False
Is 246292783 a prime number?
False
Is 1253365 a prime number?
False
Is 11971397 a composite number?
False
Is 263203 prime?
False
Is 55484503 prime?
False
Is 21758267 a prime number?
True
Is 1611977 a composite number?
True
Is 11424481 a composite number?
True
Is 11612519 a prime number?
True
Is 245705242 a prime number?
False
Is 12957649 composite?
False
Is 2471461 a prime number?
True
Is 92561809 composite?
False
Is 11167721 prime?
False
Is 4802191 prime?
True
Is 10282567 a prime number?
True
Is 567281353 a prime number?
False
Is 37262567 a prime number?
False
Is 1616201 a prime number?
True
Is 5637011 a composite number?
False
Is 124693 a prime number?
True
Is 10946513 composite?
False
Is 30040759 a composite number?
True
Is 5832089 a prime number?
False
Is 18267239 composite?
True
Is 7469207 prime?
True
Is 24153139 a prime number?
True
Is 620903 prime?
False
Is 136889 a prime number?
True
Is 22617841 a composite number?
True
Is 10892509 a prime number?
True
Is 42437011 prime?
False
Is 18353 composite?
False
Is 661012255 prime?
False
Is 1188839 composite?
False
Is 426164977 prime?
False
Is 21518869 composite?
True
Is 343229 composite?
True
Is 1593010681 composite?
False
Is 22242497 composite?
True
Is 16271909 a composite number?
False
Is 9535573 prime?
True
Is 13050329 a composite number?
False
Is 789479 composite?
True
Is 374879 prime?
True
Is 37415537 composite?
False
Is 32829317 a prime number?
True
Is 93129698 prime?
False
Is 632122331 prime?
False
Is 210829595 a prime number?
False
Is 904441 a composite number?
False
Is 10892555 composite?
True
Is 453172394 a prime number?
False
Is 67048183 prime?
True
Is 185256199 a composite number?
False
Is 174783373 a composite number?
False
Is 715733 composite?
True
Is 67419971 a composite number?
False
Is 16652657 a prime number?
False
Is 48907231 a composite number?
False
Is 22207279 a prime number?
True
Is 8056826 a composite number?
True
Is 21291071 prime?
False
Is 9327583 composite?
False
Is 403567993 composite?
False
Is 31015043 composite?
False
Is 299964079 a composite number?
False
Is 681607 prime?
True
Is 4425299 a prime number?
True
Is 247696907 a prime number?
False
Is 3425101 a prime number?
True
Is 11751571 a composite number?
True
Is 2658541 prime?
False
Is 521768069 prime?
True
Is 1218983 a composite number?
True
Is 705689 prime?
True
Is 14272619 a prime number?
True
Is 41629321 a composite number?
False
Is 17738797 a composite number?
False
Is 232698397 prime?
False
Is 8159639 a prime number?
True
Is 106920553 a prime number?
False
Is 39576149 a composite number?
True
Is 9490449 composite?
True
Is 729217 prime?
True
Is 248168773 composite?
False
Is 200430803 a prime number?
False
Is 21452135 composite?
True
Is 1191461 a composite number?
True
Is 4001581 prime?
False
Is 10318717 a composite number?
False
Is 3092423 a composite number?
True
Is 2336519 a prime number?
True
Is 82733779 composite?
True
Is 10232767 composite?
False
Is 54155131 composite?
False
Is 38737547 a composite number?
False
Is 3390779 composite?
True
Is 278679007 composite?
True
Is 30118609 prime?
True
Is 88682423 composite?
False
Is 83748193 a composite number?
True
Is 4057139 a composite number?
False
Is 4807867 a prime number?
False
Is 12909763 a prime number?
False
Is 31156657 prime?
False
Is 1085197 composite?
False
Is 1470907 a prime number?
False
Is 37233583 a prime number?
True
Is 18846277 a prime number?
True
Is 115197337 a composite number?
True
Is 4686718 a prime number?
False
Is 36139139 a prime number?
True
Is 28082273 prime?
True
Is 656133 prime?
False
Is 3259771 a prime number?
True
Is 79128851 composite?
False
Is 4963537 a prime number?
False
Is 2191687 a prime number?
True
Is 6643781 a composite number?
False
Is 2120009 a prime number?
True
Is 15198083 a composite number?
True
Is 3924443 a composite number?
False
Is 257089211 composite?
False
Is 142623851 prime?
False
Is 244151294 composite?
True
Is 68496997 a composite number?
False
Is 27713143 composite?
True
Is 1227623 prime?
False
Is 4040555 a prime number?
False
Is 2747279 a prime number?
True
Is 456343 a prime number?
False
Is 9369493 a composite number?
True
Is 247059643 a composite number?
False
Is 57040793 a composite number?
True
Is 147839579 prime?
True
Is 7196159 composite?
False
Is 19312679 a composite number?
True
Is 39957719 prime?
False
Is 176034269 a composite number?
True
Is 242078159 a prime number?
True
Is 64578797 prime?
False
Is 48888713 a composite number?
False
Is 41445727 a composite number?
True
Is 37789447 a composite number?
False
Is 634793 a prime number?
True
Is 1636697 composite?
False
Is 284533031 a prime number?
True
Is 5807069 a prime number?
True
Is 218381 a composite number?
False
Is 470152679 a composite number?
False
Is 987047 a prime number?
False
Is 604727 a composite number?
False
Is 36725501 a composite number?
False
Is 2301151 prime?
True
Is 264502663 a composite number?
True
Is 9185111 prime?
False
Is 2054638 a prime number?
False
Is 17137313 prime?
False
Is 62613349 a prime number?
False
Is 4589755 prime?
False
Is 81600515 prime?
False
Is 22607507 a composite number?
True
Is 39652957 a prime number?
False
Is 10001489 a composite number?
True
Is 1364959 a prime number?
False
Is 5578049 prime?
True
Is 7014227 a composite number?
True
Is 36479 prime?
True
Is 160529477 composite?
False
Is 3038687 prime?
True
Is 27181321 composite?
True
Is 414289 prime?
False
Is 2631323 a prime number?
True
Is 5421659 composite?
False
Is 3432767 a prime number?
False
Is 23450991 a prime number?
False
Is 91159 composite?
False
Is 29587843 a composite number?
True
Is 1136539 prime?
False
Is 2406373 composite?
False
Is 12451963 a prime number?
True
Is 383029793 composite?
False
Is 70636738 a composite number?
True
Is 4584535 prime?
False
Is 6329189 composite?
True
Is 101632621 composite?
False
Is 27291982 a composite number?
True
Is 10831391 composite?
False
Is 12089147 prime?
False
Is 318955517 a prime number?
True
Is 257786153 composite?
True
Is 311185673 a prime number?
False
Is 428028319 a prime number?
True
Is 483605021 a composite number?
False
Is 2764331 a prime number?
True
Is 42773711 a composite number?
False
Is 1126417397 a prime number?
False
Is 72441143 a composite number?
True
Is 6283663 a prime number?
True
Is 1225009 composite?
False
Is 38911969 a prime number?
True
Is 10338899 prime?
True
Is 31989731 a prime number?
True
Is 3134203 prime?
True
Is 73270991 prime?
True
Is 53764703 composite?
False
Is 5710345 a prime number?
False
Is 16854861 composite?
True
Is 2124047 a composite number?
True
Is 163549 prime?
False
Is 31229077 a prime number?
False
Is 587357 prime?
False
Is 14357437 a composite number?
False
Is 6076913 composite?
True
Is 21095041 a prime number?
False
Is 2666947 prime?
True
Is 6417227 a composite number?
False
Is 3909319 prime?
False
Is 2474533 composite?
False
Is 97280941 composite?
False
Is 39013789 composite?
False
Is 1591697 composite?
False
Is 46495733 a prime number?
True
Is 7880023 composite?
True
Is 1851313 a composite number?
False
Is 147233803 a prime number?
True
Is 83768527 a composite number?
False
Is 25682089 a prime number?
True
Is 121454911 a prime number?
True
Is 118911773 prime?
False
Is 7082371 composite?
False
Is 10673797 a prime number?
False
Is 23651389 composite?
True
Is 24465279 composite?
True
Is 1782631 a composite number?
True
Is 89176069 a composite number?
True
Is 147742781 composite?
False
Is 2361529 a composite number?
True
Is 31260683 composite?
True
Is 9166477 composite?
False
Is 22469527 a prime number?
True
Is 661612139 composite?
False
Is 671583701 a composite number?
False
Is 48059483 a prime number?
True
Is 98768143 prime?
True
Is 3444247 prime?
True
Is 17949423 prime?
False
Is 51448791 a prime number?
False
Is 6388189 a prime number?
True
Is 211361 a composite number?
True
Is 273694897 a prime number?
False
Is 6674069 a composite number?
False
Is 194934253 prime?
True
Is 17153249 composite?
False
Is 6124